 Let z(l) = 9*l**2 - l - 1. Let f be z(-1). Suppose -5*y + 1 = -f. List the prime factors of o(y).
2
Let o(y) = -y**2 + 8*y - 3. Let h be o(7). List the prime factors of (h/5)/((-36)/(-2070)).
2, 23
Let f = -1071 - -1978. What are the prime factors of f?
907
Let s(u) = -u**3 + u**2 + 9*u + 29. What are the prime factors of s(-12)?
11, 163
Suppose -28*q - 13790 = -42*q. List the prime factors of q.
5, 197
Let w(a) = 8*a**2 + 7*a - 8. Suppose 4 = -5*z + 4*z. What are the prime factors of w(z)?
2, 23
Let g(w) = 4*w - 9. Let l be g(7). Suppose -3*i = i + s - l, 0 = 5*i - s - 26. Suppose i*b + v - 39 = 117, -v - 92 = -3*b. What are the prime factors of b?
31
Suppose 6*t - 8*t = 196. Let w = t - -141. What are the prime factors of w?
43
What are the prime factors of 14 - (-1920)/(-136) - (-35568)/34?
2, 523
Let x = -1422 - -3072. List the prime factors of x.
2, 3, 5, 11
Suppose -40*p = -42*p + 7326. List the prime factors of p.
3, 11, 37
Suppose 0 = -3*f - u - 32, u + 0*u + 50 = -5*f. Let p = -14 - f. List the prime factors of 4/(-20) + (-116)/p.
23
Let m = -1 + 3. Suppose m*r = r + 121. What are the prime factors of r?
11
List the prime factors of -6 + (1816 - 2) + 10.
2, 3, 101
Suppose -5*o = -5 - 25. Let d(q) = 26*q + 6. What are the prime factors of d(o)?
2, 3
Let j(s) = -3*s**3 + 2*s**2 + 3*s + 3. Let c(n) = 2*n - 20. Let k be c(9). Let m be j(k). Let i = 51 - m. List the prime factors of i.
2, 11
Let o = -159 + 83. Let r be (o/(-3))/((-18)/(-135)). Suppose -9*t + 4*t + r = 5*f, 5*t + f = 178. What are the prime factors of t?
5, 7
Suppose -9*f - 50 = -266. What are the prime factors of 1/(-4) + 6/f*313?
2, 3, 13
Let y(m) = 24*m + 35. Let c be y(-5). Let v = -62 - c. List the prime factors of v.
23
Let z = 22 + -29. Let h = 11 + z. Suppose 0 = -3*m + h*o + 140, -65 = -5*m + 4*m + 5*o. What are the prime factors of m?
2, 5
Let r be ((-1*40)/5)/((-1)/(-22)). List the prime factors of r/3*11/(198/(-27)).
2, 11
Suppose 0 = 4*y + q - 7789, -y - 4*q + 2 + 1964 = 0. What are the prime factors of y?
2, 7, 139
Let j(z) = z**3 - 10*z**2 + 3*z - 7. Let g be (-10)/15 + 14/3. Let d = 6 + g. What are the prime factors of j(d)?
23
Let m(g) = 243*g + 63. List the prime factors of m(4).
3, 5, 23
Let p = 2771 - 949. List the prime factors of p.
2, 911
Let v(a) be the first derivative of a**2 - 5*a + 4. Let o be v(5). Let z(h) = -h**3 + 6*h**2 - 2*h + 7. List the prime factors of z(o).
2, 11
Let s be (11/66)/(2/48). Suppose -40 = -5*k - 10. What are the prime factors of k/(-2) - (-292)/s?
2, 5, 7
Let m(f) = -26*f + 1. Let i = 13 - 14. Let t be 4/(3 - i)*-1. List the prime factors of m(t).
3
List the prime factors of -15*(-32)/6 + 4 + 2.
2, 43
Let y(j) = -j**3 - 28*j**2 - 9*j - 62. What are the prime factors of y(-29)?
2, 5, 13
Let m(o) = o**3 + 6*o**2 - o. Let v be m(-6). Let z(b) = -3*b + 2. Let c be z(v). List the prime factors of (-120)/c*8/6.
2, 5
Let a(y) = -y**3 - 7*y**2 + y + 10. Let p be a(-7). Let h = p + 12. List the prime factors of h.
3, 5
Let w be (-2 + 56/21)/(2/21). Let b = 4 + 9. Let g = b + w. List the prime factors of g.
2, 5
Let d = -21 + 20. Let v be (-3)/(-9)*-3 - d. Suppose -5*y = 5*g - 105, -2*y - 3*g + 30 + 8 = v. List the prime factors of y.
5
Let r(d) = -d**2 + 5*d + 27. Let l be r(8). Suppose 246 = 5*v - l*v + c, 4*c - 488 = -4*v. List the prime factors of v.
2, 31
Suppose -28 - 64 = -4*u. Let x = 10 - u. What are the prime factors of x/(-39) - 178/(-6)?
2, 3, 5
Let h be ((-472)/6)/(2/(-12)). Let p be h/12 - 10/(-15). Let f = p - 25. What are the prime factors of f?
3, 5
Let a = 3 + 4. Suppose 0 = 3*m - a*m - 140. List the prime factors of (-160)/m + 3/7.
5
Let u(f) = 234*f - 110. What are the prime factors of u(4)?
2, 7, 59
Suppose 0 = -3*m - 2*v + 1198 + 1051, 0 = 4*m + v - 2997. Let x = m - 501. What are the prime factors of (x/16)/(1/2)?
31
Let d = 1724 + -964. What are the prime factors of d?
2, 5, 19
Let p(g) be the first derivative of -g**4/4 + 3*g**3 + 5*g**2 + 6*g + 3. Let d be p(10). Suppose -w + 0*w + d = 0. What are the prime factors of w?
2, 3
What are the prime factors of 4 + 0 - (-1385 + 2 + -1)?
2, 347
Let p be (-1)/(-3) + (-74)/(-3). Let i be p - (-2)/(-3 - -4). Suppose -x + i = -31. List the prime factors of x.
2, 29
Let b = 5 + -23. List the prime factors of (40/(-14))/(b/1071).
2, 5, 17
Let c(w) = -11*w + 143 + 5*w + 4*w - 27. List the prime factors of c(0).
2, 29
Let h = 172 + -168. Let g(x) = 2*x**2 + 3*x + 3. Let s be g(-2). Suppose -s - 23 = -h*y. What are the prime factors of y?
7
Let x(g) = -g**3 + 3*g**2 - 5*g + 5. Let z be x(2). List the prime factors of ((-16)/(-2) - z)*60/9.
2, 3, 5
List the prime factors of 4/(-22) + (-21515)/(-55) + 4.
5, 79
Let u(v) = v**3 + 6*v**2 + 1. Let q be u(-5). Suppose i = 19 + q. Suppose 2*z + 117 = 5*f + 18, 2*f = -z + i. What are the prime factors of f?
3, 7
Let p(f) = 4*f**2 - f. Let r be p(1). Let x be ((-21)/28)/(9/(-60)). Suppose 0 = -x*d - 4*c + 143, -r*d - 5*c - 20 = -98. List the prime factors of d.
31
Suppose -4*j - 11718 = -31*j. List the prime factors of j.
2, 7, 31
What are the prime factors of (69/(-46) - (-141)/6)*116?
2, 11, 29
Let u = 20 - 16. Let m be ((-16)/(-4) - 4) + u. Suppose -5*g + 5*l = -175, 0*l = -m*g + 3*l + 138. List the prime factors of g.
3, 11
Let o(u) = -2*u**2 + 7*u - 133. Let b(f) = f**2 - 3*f + 66. Let q(m) = 9*b(m) + 4*o(m). List the prime factors of q(0).
2, 31
Let x be (7/1)/(14/154). Suppose 2*i - x = 51. What are the prime factors of i?
2
Let a be (0 + -1)/((-9)/27). Let h be (28/(-6))/(1/a). Let m = h + 28. What are the prime factors of m?
2, 7
Suppose 2*j - 4 = 4*z, 31 = 2*j - 3*z + 8*z. Let f be 1*5 + 3/(-1). Let h = j + f. List the prime factors of h.
2, 5
Suppose 106 = -4*s + 454. What are the prime factors of s?
3, 29
Suppose 4*v - 82 = -394. Let j = v + 216. What are the prime factors of j?
2, 3, 23
Suppose -2*k = -k - 3. Suppose 0 = -k*m - 111 - 165. Let i = -58 - m. List the prime factors of i.
2, 17
Let b = -1 - -11. Let r = b + -8. Suppose x + r*c - 32 = 0, -3*x + c = 4*c - 81. What are the prime factors of x?
2, 11
Let d be (5/15)/((-1)/6). Let p be (7 + -9)*4/d. Suppose -p*u = 19 - 75. List the prime factors of u.
2, 7
Let q = 362 + 74. What are the prime factors of q?
2, 109
Let z(p) = 2*p**3 + p**2 + 2*p + 50. Let u = -96 + 96. List the prime factors of z(u).
2, 5
Suppose 5970 = -69*s + 79*s. What are the prime factors of s?
3, 199
Suppose 4*a - 2 = 2*u, -2*u = -2*a - 3*u + 11. List the prime factors of 1 - 2045/(-15) - (-2)/a.
2, 3, 23
Let r(d) = 3*d**2 - 2*d + 2. Let z be r(-3). Let b be (-14)/z - (-442)/5. List the prime factors of (-4)/(-22) - (-2096)/b.
2, 3
Let k(s) = 4*s**2 - 4*s - 6. Let x be k(8). Suppose 0 = 3*y - y - x. Let n = -74 + y. List the prime factors of n.
5, 7
Suppose 5*o + 1278 - 3998 = 0. What are the prime factors of o?
2, 17
Let p(t) = 2*t + 15. Let y be p(-15). Let f = 127 + y. List the prime factors of f.
2, 7
List the prime factors of 30/(-40) + 11755/20.
587
List the prime factors of ((-1)/(-5) + (-146)/(-20))*6.
3, 5
Suppose 17*l - 18*l + 3*j = -503, 5*l - 2425 = -3*j. What are the prime factors of l?
2, 61
Suppose 9*m - 7*m = 0. Let k(z) = -2 + 3 + m - 24*z. What are the prime factors of k(-2)?
7
Suppose 4*y - 155 = 1. Let q = y + -21. What are the prime factors of q?
2, 3
Suppose -w = 3*o - 5*w - 32, 5*o = 2*w + 30. Suppose -o*x = -14 - 2. Suppose -48 = -h - 3*l, 0 = -x*h + 3*l + 21 + 126. List the prime factors of h.
3, 13
What are the prime factors of (-18504)/(-18) + (1 - 3)?
2, 3, 19
Let l(g) = g**2 - 3*g + 46. What are the prime factors of l(-11)?
2, 5
What are the prime factors of 1 - (-7 + 2 - 571)?
577
List the prime factors of 53536/96 + (-1)/(-3).
2, 3, 31
Let u = 4911 - 711. List the prime factors of u.
2, 3, 5, 7
Let h(d) be the third derivative of d**8/6720 + d**6/720 - d**5/30 + 4*d**2. Let o(z) be the third derivative of h(z). What are the prime factors of o(1)?
2
Let r = -631 + 297. What are the prime factors of (2*r/12)/(68/(-204))?
167
Suppose -2*o + 25 = 3. Suppose 5*n - 25 = 0, -3*q + 5*n = -0*q - o. Suppose -2*z + q = z. List the prime factors of z.
2
Suppose -2*n - 5 = 5. Let m = -20 - 8. Let h = n - m. List the prime factors of h.
23
Let l = 1232 - 858. List the pri